{"id":34,"date":"2020-10-02T09:57:02","date_gmt":"2020-10-02T09:57:02","guid":{"rendered":"http:\/\/javiervanvelthoven.com\/?page_id=34"},"modified":"2022-07-31T17:55:11","modified_gmt":"2022-07-31T17:55:11","slug":"biografia","status":"publish","type":"page","link":"https:\/\/javiervanvelthoven.com\/index.php\/biografia\/","title":{"rendered":"Biograf\u00eda"},"content":{"rendered":"\n<div class=\"wp-block-columns is-layout-flex wp-container-core-columns-is-layout-1 wp-block-columns-is-layout-flex\">\n<div class=\"wp-block-column is-layout-flow wp-block-column-is-layout-flow\">\n<figure class=\"wp-block-image size-large\"><img loading=\"lazy\" decoding=\"async\" width=\"640\" height=\"482\" src=\"https:\/\/javiervanvelthoven.com\/wp-content\/uploads\/2021\/06\/Foto_biografia.jpg\" alt=\"\" class=\"wp-image-172\" srcset=\"https:\/\/javiervanvelthoven.com\/wp-content\/uploads\/2021\/06\/Foto_biografia.jpg 640w, https:\/\/javiervanvelthoven.com\/wp-content\/uploads\/2021\/06\/Foto_biografia-300x226.jpg 300w\" sizes=\"(max-width: 640px) 100vw, 640px\" \/><\/figure>\n<\/div>\n\n\n\n<div class=\"wp-block-column is-layout-flow wp-block-column-is-layout-flow\">\n<p>Nacido en Los Cerrillos (Uruguay). Ciudadano belga residente en Catalu\u00f1a desde 1992. Comienza estudios de guitarra y solfeo en 1973 en el \u201cConservatorio Musical Beethoven\u201d de Montevideo (Uruguay) con la profesora Blanca Silva y Armas, continuando en 1981 con el profesor Daniel Berrueta en dicho conservatorio.<\/p>\n\n\n\n<p>Entre 1983 y 1992 estudia en la \u00abEscuela Universitaria de M\u00fasica de Montevideo\u00bb bajo la direcci\u00f3n de los maestros Atilio Rapat, Krishna Salinas, Eduardo Fern\u00e1ndez y Ramiro Agriel, obteniendo el t\u00edtulo de licenciado en Guitarra. Durante estos a\u00f1os realiza tambi\u00e9n estudios de Composici\u00f3n en esta Escuela.<\/p>\n\n\n\n<p>Posteriormente, en Barcelona (Espa\u00f1a \u2013 1993) se grad\u00faa como Profesor Superior de guitarra.<\/p>\n\n\n\n<p>Obtiene en 1995 el Certificado de Aptitud Pedag\u00f3gica en La Universidad Polit\u00e9cnica de Catalu\u00f1a.<\/p>\n\n\n\n<p><strong><em>Cursos de perfeccionamiento:<\/em><\/strong><\/p>\n\n\n\n<p>\u2013 Seminario Internacional de guitarra en Los Cocos (C\u00f3rdoba \u2013 Argentina) en 1987, estudiando con los maestros Mar\u00eda Isabel Siewers y \u00d3scar Ohlsen.<\/p>\n\n\n\n<p>\u2013 Curso con Betho Davezac en La Escuela Universitaria de m\u00fasica de Montevideo en 1987.<\/p>\n\n\n\n<p>\u2013 Obtiene por concurso una beca de estudios para participar como alumno activo en el XV seminario internacional de guitarra realizado en la \u00abFacultad de M\u00fasica Palestrina de Porto Alegre\u00bb (Brasil \u2013 1988), estudiando con los maestros Horacio Ceballos, Miguel \u00c1ngel Girolet y Eduardo Isaac.<\/p>\n\n\n\n<p>\u2013 Obtiene por concurso una beca de estudios de la Asociaci\u00f3n de Estudiantes de M\u00fasica de Montevideo (Aemus) en 1988.<\/p>\n\n\n\n<p>\u2013 Gana por concurso una beca para participar en el \u00abI seminario Internacional de Guitarra de Montevideo\u00bb tomando clases con Alvaro Pierri en 1990.<\/p>\n\n\n\n<p>\u2013 Entre 1994 y 1995 participa en cursos realizados por la Escuela Luthier de Barcelona, tomando clases como alumno activo con Jos\u00e9 Tom\u00e1s y como oyente con David Russel. Asiste al curso dictado por Eduardo Fal\u00fa en el Estudio Musical Eulogio D\u00e1valos de Barcelona.<\/p>\n\n\n\n<p>\u2013 En 1998 asiste como oyente al curso dictado por \u00c1lvaro Pierri en la Escuela de M\u00fasica Carrero de Barcelona.<\/p>\n\n\n\n<p><strong><em>Premios:<\/em><\/strong><\/p>\n\n\n\n<p>\u2013 Centro Guitarr\u00edstico del Uruguay en 1987.<\/p>\n\n\n\n<p>\u2013 Juventudes Musicales del Uruguay en 1988.<\/p>\n\n\n\n<p>\u2013 Primer premio en el \u00abConcurso Extraordinario para Instrumentistas\u00bb patrocinado por el Ministerio de Educaci\u00f3n y Cultura de Montevideo en 1988.<\/p>\n\n\n\n<p>\u2013 Premio arte x arte en m\u00fasica de CD: \u00abEl latido de la copla\u00bb de Gerardo Molina (Rosario, Argentina), junio de 2005.<\/p>\n\n\n\n<p>Ha desarrollado una intensa actividad como docente (en varios Institutos de Ense\u00f1anza Secundaria y Conservatorios de M\u00fasica) y como concertista actuando en diferentes ciudades de Uruguay, Argentina, Brasil, Espa\u00f1a, Francia, B\u00e9lgica; viajando tambi\u00e9n en Estados Unidos para actuar en Nueva York en 2009.<\/p>\n\n\n\n<p>Adem\u00e1s de actuar como solista tambi\u00e9n lo hace frecuentemente en grupos de c\u00e1mara y acompa\u00f1ante cantantes, tanto con repertorio cl\u00e1sico como popular, manteniendo actualmente actuaciones en conciertos y en eventos permanentemente.<\/p>\n\n\n\n<p>Como solista ha grabado para el sello Gemecs y producciones independientes, un variado repertorio que va desde el Renacimiento hasta la \u00e9poca contempor\u00e1nea.<\/p>\n\n\n\n<p>En 2015 graba con su propio sello discogr\u00e1fico El CD \u00abSpanish Guitar\u00bb con el D\u00fao Aranjuez (con Pablo Despeyroux) y el CD \u00abVihuela and Guitar Recital\u00bb como solista, que fue grabado en el Auditorio Pau Casals de San Salvador \u2013 El Vendrell \u2013 Espa\u00f1a.<\/p>\n\n\n\n<p>Varios de los CD\u2019s ya editados f\u00edsicamente y otros lanzamientos m\u00e1s recientes est\u00e1n ahora disponibles en edici\u00f3n digital en todas las plataformas.<\/p>\n\n\n\n<p>Adem\u00e1s de int\u00e9rprete de guitarra y vihuela, se desempe\u00f1a tambi\u00e9n como compositor, arreglista y productor.<\/p>\n\n\n\n<p>Ha colaborado en grabaciones con diferentes artistas de m\u00fasica popular y con el poeta Gerardo Molina (Uruguay) comparte dos CD\u2019s, uno de los cuales (El latido de la copla) recibi\u00f3 el premio arte x arte en m\u00fasica de CD: El latido de la copla de Gerardo Molina (Rosario, Argentina) en junio de 2005.<\/p>\n\n\n\n<p>En sus conciertos toca con una vihuela construida por el luthier Jaume Bosser (Igualada \u2013 Barcelona \u2013 Espa\u00f1a) y una guitarra construida por el luthier Paco Mar\u00edn (Granada \u2013 Espa\u00f1a).<\/p>\n<\/div>\n<\/div>\n","protected":false},"excerpt":{"rendered":"<p>Nacido en Los Cerrillos (Uruguay). Ciudadano belga residente en Catalu\u00f1a desde 1992. Comienza estudios de guitarra y solfeo en 1973 en el \u201cConservatorio Musical Beethoven\u201d de Montevideo (Uruguay) con la profesora Blanca Silva y Armas, continuando en 1981 con el profesor Daniel Berrueta en dicho conservatorio. Entre 1983 y 1992 estudia en la \u00abEscuela Universitaria &hellip; <\/p>\n<p class=\"link-more\"><a href=\"https:\/\/javiervanvelthoven.com\/index.php\/biografia\/\" class=\"more-link\">Continuar leyendo<span class=\"screen-reader-text\"> \u00abBiograf\u00eda\u00bb<\/span><\/a><\/p>\n","protected":false},"author":1,"featured_media":0,"parent":0,"menu_order":2,"comment_status":"closed","ping_status":"closed","template":"","meta":{"footnotes":""},"class_list":["post-34","page","type-page","status-publish","hentry"],"yoast_head":"<!-- This site is optimized with the Yoast SEO plugin v23.8 - https:\/\/yoast.com\/wordpress\/plugins\/seo\/ -->\n<title>Biograf\u00eda - Javier Van Velthoven<\/title>\n<meta name=\"description\" content=\"Biograf\u00eda del Guitarrista Javier Van Velthoven (Classical Guitar Concerts - Spanish Guitar Concerts)\" \/>\n<meta name=\"robots\" content=\"index, follow, max-snippet:-1, max-image-preview:large, max-video-preview:-1\" \/>\n<link rel=\"canonical\" href=\"https:\/\/javiervanvelthoven.com\/index.php\/biografia\/\" \/>\n<meta property=\"og:locale\" content=\"es_ES\" \/>\n<meta property=\"og:type\" content=\"article\" \/>\n<meta property=\"og:title\" content=\"Biograf\u00eda - Javier Van Velthoven\" \/>\n<meta property=\"og:description\" content=\"Biograf\u00eda del Guitarrista Javier Van Velthoven (Classical Guitar Concerts - Spanish Guitar Concerts)\" \/>\n<meta property=\"og:url\" content=\"https:\/\/javiervanvelthoven.com\/index.php\/biografia\/\" \/>\n<meta property=\"og:site_name\" content=\"Javier Van Velthoven\" \/>\n<meta property=\"article:publisher\" content=\"https:\/\/www.facebook.com\/guitarconcerts\" \/>\n<meta property=\"article:modified_time\" content=\"2022-07-31T17:55:11+00:00\" \/>\n<meta property=\"og:image\" content=\"http:\/\/javiervanvelthoven.com\/wp-content\/uploads\/2021\/06\/Foto_biografia.jpg\" \/>\n<meta name=\"twitter:card\" content=\"summary_large_image\" \/>\n<meta name=\"twitter:site\" content=\"@jvanvelthoven\" \/>\n<meta name=\"twitter:label1\" content=\"Tiempo de lectura\" \/>\n\t<meta name=\"twitter:data1\" content=\"4 minutos\" \/>\n<script type=\"application\/ld+json\" class=\"yoast-schema-graph\">{\"@context\":\"https:\/\/schema.org\",\"@graph\":[{\"@type\":\"WebPage\",\"@id\":\"https:\/\/javiervanvelthoven.com\/index.php\/biografia\/\",\"url\":\"https:\/\/javiervanvelthoven.com\/index.php\/biografia\/\",\"name\":\"Biograf\u00eda - Javier Van Velthoven\",\"isPartOf\":{\"@id\":\"https:\/\/javiervanvelthoven.com\/#website\"},\"primaryImageOfPage\":{\"@id\":\"https:\/\/javiervanvelthoven.com\/index.php\/biografia\/#primaryimage\"},\"image\":{\"@id\":\"https:\/\/javiervanvelthoven.com\/index.php\/biografia\/#primaryimage\"},\"thumbnailUrl\":\"http:\/\/javiervanvelthoven.com\/wp-content\/uploads\/2021\/06\/Foto_biografia.jpg\",\"datePublished\":\"2020-10-02T09:57:02+00:00\",\"dateModified\":\"2022-07-31T17:55:11+00:00\",\"description\":\"Biograf\u00eda del Guitarrista Javier Van Velthoven (Classical Guitar Concerts - Spanish Guitar Concerts)\",\"breadcrumb\":{\"@id\":\"https:\/\/javiervanvelthoven.com\/index.php\/biografia\/#breadcrumb\"},\"inLanguage\":\"es\",\"potentialAction\":[{\"@type\":\"ReadAction\",\"target\":[\"https:\/\/javiervanvelthoven.com\/index.php\/biografia\/\"]}]},{\"@type\":\"ImageObject\",\"inLanguage\":\"es\",\"@id\":\"https:\/\/javiervanvelthoven.com\/index.php\/biografia\/#primaryimage\",\"url\":\"http:\/\/javiervanvelthoven.com\/wp-content\/uploads\/2021\/06\/Foto_biografia.jpg\",\"contentUrl\":\"http:\/\/javiervanvelthoven.com\/wp-content\/uploads\/2021\/06\/Foto_biografia.jpg\"},{\"@type\":\"BreadcrumbList\",\"@id\":\"https:\/\/javiervanvelthoven.com\/index.php\/biografia\/#breadcrumb\",\"itemListElement\":[{\"@type\":\"ListItem\",\"position\":1,\"name\":\"Portada\",\"item\":\"https:\/\/javiervanvelthoven.com\/\"},{\"@type\":\"ListItem\",\"position\":2,\"name\":\"Biograf\u00eda\"}]},{\"@type\":\"WebSite\",\"@id\":\"https:\/\/javiervanvelthoven.com\/#website\",\"url\":\"https:\/\/javiervanvelthoven.com\/\",\"name\":\"Javier Van Velthoven\",\"description\":\"Guitarrista - Guitarist - Guitariste\",\"publisher\":{\"@id\":\"https:\/\/javiervanvelthoven.com\/#organization\"},\"potentialAction\":[{\"@type\":\"SearchAction\",\"target\":{\"@type\":\"EntryPoint\",\"urlTemplate\":\"https:\/\/javiervanvelthoven.com\/?s={search_term_string}\"},\"query-input\":{\"@type\":\"PropertyValueSpecification\",\"valueRequired\":true,\"valueName\":\"search_term_string\"}}],\"inLanguage\":\"es\"},{\"@type\":\"Organization\",\"@id\":\"https:\/\/javiervanvelthoven.com\/#organization\",\"name\":\"Classical Guitar Concerts\",\"url\":\"https:\/\/javiervanvelthoven.com\/\",\"logo\":{\"@type\":\"ImageObject\",\"inLanguage\":\"es\",\"@id\":\"https:\/\/javiervanvelthoven.com\/#\/schema\/logo\/image\/\",\"url\":\"http:\/\/javiervanvelthoven.com\/wp-content\/uploads\/2021\/11\/Logo-Classical-Guitar-Concerts.jpg\",\"contentUrl\":\"http:\/\/javiervanvelthoven.com\/wp-content\/uploads\/2021\/11\/Logo-Classical-Guitar-Concerts.jpg\",\"width\":500,\"height\":302,\"caption\":\"Classical Guitar Concerts\"},\"image\":{\"@id\":\"https:\/\/javiervanvelthoven.com\/#\/schema\/logo\/image\/\"},\"sameAs\":[\"https:\/\/www.facebook.com\/guitarconcerts\",\"https:\/\/x.com\/jvanvelthoven\",\"https:\/\/www.instagram.com\/javier_van_velthoven\/?hl=es\",\"https:\/\/www.linkedin.com\/in\/javier-van-velthoven-169bb581\/\",\"https:\/\/www.youtube.com\/user\/Javiervanvel\"]}]}<\/script>\n<!-- \/ Yoast SEO plugin. -->","yoast_head_json":{"title":"Biograf\u00eda - Javier Van Velthoven","description":"Biograf\u00eda del Guitarrista Javier Van Velthoven (Classical Guitar Concerts - Spanish Guitar Concerts)","robots":{"index":"index","follow":"follow","max-snippet":"max-snippet:-1","max-image-preview":"max-image-preview:large","max-video-preview":"max-video-preview:-1"},"canonical":"https:\/\/javiervanvelthoven.com\/index.php\/biografia\/","og_locale":"es_ES","og_type":"article","og_title":"Biograf\u00eda - Javier Van Velthoven","og_description":"Biograf\u00eda del Guitarrista Javier Van Velthoven (Classical Guitar Concerts - Spanish Guitar Concerts)","og_url":"https:\/\/javiervanvelthoven.com\/index.php\/biografia\/","og_site_name":"Javier Van Velthoven","article_publisher":"https:\/\/www.facebook.com\/guitarconcerts","article_modified_time":"2022-07-31T17:55:11+00:00","og_image":[{"url":"http:\/\/javiervanvelthoven.com\/wp-content\/uploads\/2021\/06\/Foto_biografia.jpg"}],"twitter_card":"summary_large_image","twitter_site":"@jvanvelthoven","twitter_misc":{"Tiempo de lectura":"4 minutos"},"schema":{"@context":"https:\/\/schema.org","@graph":[{"@type":"WebPage","@id":"https:\/\/javiervanvelthoven.com\/index.php\/biografia\/","url":"https:\/\/javiervanvelthoven.com\/index.php\/biografia\/","name":"Biograf\u00eda - Javier Van Velthoven","isPartOf":{"@id":"https:\/\/javiervanvelthoven.com\/#website"},"primaryImageOfPage":{"@id":"https:\/\/javiervanvelthoven.com\/index.php\/biografia\/#primaryimage"},"image":{"@id":"https:\/\/javiervanvelthoven.com\/index.php\/biografia\/#primaryimage"},"thumbnailUrl":"http:\/\/javiervanvelthoven.com\/wp-content\/uploads\/2021\/06\/Foto_biografia.jpg","datePublished":"2020-10-02T09:57:02+00:00","dateModified":"2022-07-31T17:55:11+00:00","description":"Biograf\u00eda del Guitarrista Javier Van Velthoven (Classical Guitar Concerts - Spanish Guitar Concerts)","breadcrumb":{"@id":"https:\/\/javiervanvelthoven.com\/index.php\/biografia\/#breadcrumb"},"inLanguage":"es","potentialAction":[{"@type":"ReadAction","target":["https:\/\/javiervanvelthoven.com\/index.php\/biografia\/"]}]},{"@type":"ImageObject","inLanguage":"es","@id":"https:\/\/javiervanvelthoven.com\/index.php\/biografia\/#primaryimage","url":"http:\/\/javiervanvelthoven.com\/wp-content\/uploads\/2021\/06\/Foto_biografia.jpg","contentUrl":"http:\/\/javiervanvelthoven.com\/wp-content\/uploads\/2021\/06\/Foto_biografia.jpg"},{"@type":"BreadcrumbList","@id":"https:\/\/javiervanvelthoven.com\/index.php\/biografia\/#breadcrumb","itemListElement":[{"@type":"ListItem","position":1,"name":"Portada","item":"https:\/\/javiervanvelthoven.com\/"},{"@type":"ListItem","position":2,"name":"Biograf\u00eda"}]},{"@type":"WebSite","@id":"https:\/\/javiervanvelthoven.com\/#website","url":"https:\/\/javiervanvelthoven.com\/","name":"Javier Van Velthoven","description":"Guitarrista - Guitarist - Guitariste","publisher":{"@id":"https:\/\/javiervanvelthoven.com\/#organization"},"potentialAction":[{"@type":"SearchAction","target":{"@type":"EntryPoint","urlTemplate":"https:\/\/javiervanvelthoven.com\/?s={search_term_string}"},"query-input":{"@type":"PropertyValueSpecification","valueRequired":true,"valueName":"search_term_string"}}],"inLanguage":"es"},{"@type":"Organization","@id":"https:\/\/javiervanvelthoven.com\/#organization","name":"Classical Guitar Concerts","url":"https:\/\/javiervanvelthoven.com\/","logo":{"@type":"ImageObject","inLanguage":"es","@id":"https:\/\/javiervanvelthoven.com\/#\/schema\/logo\/image\/","url":"http:\/\/javiervanvelthoven.com\/wp-content\/uploads\/2021\/11\/Logo-Classical-Guitar-Concerts.jpg","contentUrl":"http:\/\/javiervanvelthoven.com\/wp-content\/uploads\/2021\/11\/Logo-Classical-Guitar-Concerts.jpg","width":500,"height":302,"caption":"Classical Guitar Concerts"},"image":{"@id":"https:\/\/javiervanvelthoven.com\/#\/schema\/logo\/image\/"},"sameAs":["https:\/\/www.facebook.com\/guitarconcerts","https:\/\/x.com\/jvanvelthoven","https:\/\/www.instagram.com\/javier_van_velthoven\/?hl=es","https:\/\/www.linkedin.com\/in\/javier-van-velthoven-169bb581\/","https:\/\/www.youtube.com\/user\/Javiervanvel"]}]}},"_links":{"self":[{"href":"https:\/\/javiervanvelthoven.com\/index.php\/wp-json\/wp\/v2\/pages\/34"}],"collection":[{"href":"https:\/\/javiervanvelthoven.com\/index.php\/wp-json\/wp\/v2\/pages"}],"about":[{"href":"https:\/\/javiervanvelthoven.com\/index.php\/wp-json\/wp\/v2\/types\/page"}],"author":[{"embeddable":true,"href":"https:\/\/javiervanvelthoven.com\/index.php\/wp-json\/wp\/v2\/users\/1"}],"replies":[{"embeddable":true,"href":"https:\/\/javiervanvelthoven.com\/index.php\/wp-json\/wp\/v2\/comments?post=34"}],"version-history":[{"count":8,"href":"https:\/\/javiervanvelthoven.com\/index.php\/wp-json\/wp\/v2\/pages\/34\/revisions"}],"predecessor-version":[{"id":179,"href":"https:\/\/javiervanvelthoven.com\/index.php\/wp-json\/wp\/v2\/pages\/34\/revisions\/179"}],"wp:attachment":[{"href":"https:\/\/javiervanvelthoven.com\/index.php\/wp-json\/wp\/v2\/media?parent=34"}],"curies":[{"name":"wp","href":"https:\/\/api.w.org\/{rel}","templated":true}]}}